highest common divisor of g and y.
4
Let z(q) = -q**3 + q**2 - q + 50. Let w be z(0). Let p be 41/4 + 3/(-12). Calculate the highest common factor of p and w.
10
Let n be (-176)/(-12) - 4/6. Calculate the greatest common factor of n and 56.
14
Suppose -4 - 6 = -i. Suppose -26 - 24 = -2*v. Calculate the greatest common divisor of v and i.
5
Let z(v) = 4*v**2 - 4*v. Let r = 28 - 31. Let n be z(r). Suppose a = q + q - 26, -5*a = q - 2. What is the highest common factor of q and n?
12
Let z(m) = m**2 - 3*m - 5. Suppose 3*q + 2*q = 25. Let a be z(q). Suppose 160 = -n + 5*n. Calculate the highest common factor of n and a.
5
Suppose -2*f + 5 = -3*f. Let k = 8 + f. Suppose 2*i = -u + 29, i - 33 = -k*u - 6. What is the highest common factor of 96 and i?
12
Suppose -8*w + 704 = 88. What is the highest common factor of w and 7?
7
Let w(x) = -x**3 + 2*x**2 + x + 72. Let f be w(0). What is the highest common factor of f and 8?
8
Let r = 73 + -48. Calculate the greatest common factor of r and 275.
25
Let j = 34 - 52. Let k be (-12)/48 + (-22)/8. Let z be -15*(j/2 - k). What is the greatest common divisor of z and 10?
10
Let v(w) = 84*w**3 + 2*w**2 + w + 1. Let i be v(3). Let d be i/15 - (-4)/(-6). Suppose 2*u + d = 6*u. What is the greatest common factor of 57 and u?
19
Let j(l) = l**3 + 5*l**2 + 5*l + 11. Let p be j(-3). What is the highest common divisor of 322 and p?
14
Suppose -2*a = -29 - 3. Suppose 0 = p, -3*h = -p - 0*p + 27. Let r be -213*6/h - -2. What is the greatest common factor of a and r?
16
Let z(r) = 72 - 26*r + 25*r - 12. Let f = 0 + 0. Let k be z(f). Calculate the greatest common factor of k and 12.
12
Let p be (2 - 0)/((-18)/(-4815)). Suppose 0 = -3*t + 5 + p. What is the greatest common factor of 20 and t?
20
Let g = -6 + 18. Let p = -47 - -123. Let d be (-6)/9 - p/(-6). Calculate the highest common divisor of d and g.
12
Suppose 0 = -9*s + 93 + 15. Calculate the greatest common divisor of s and 3.
3
Let s(r) = 9*r**2 - r. Suppose -4*m = -2*m + 2. Let t be s(m). Calculate the greatest common divisor of t and 20.
10
Let m = 3 - -3. Let l be -3*(-2 + (1 - 2)). Let k be ((-2)/m)/((-1)/l). Calculate the greatest common factor of k and 1.
1
Suppose 0 = -2*d + 12 + 60. What is the highest common factor of d and 18?
18
Let g = -52 - -90. Let t = -16 + g. What is the highest common divisor of t and 2?
2
Let l(x) = 5*x**2 - 3*x - 3. Let h be l(-2). Let z = 57 + h. Let w = z - 52. Calculate the highest common divisor of w and 4.
4
Suppose -574*h + 144 = -568*h. Let p be 60 + 0*2/(-4). Calculate the greatest common divisor of h and p.
12
Suppose -9*k = -5*i - 8*k + 22, 0 = 5*i + k - 18. Let l(n) = n**2 + 2*n - 7. Let w be l(5). Calculate the highest common divisor of i and w.
4
Let q = 22 - 20. Let t(w) = 2*w**2 + 6*w**2 - 4*w**2 + 2 - 3*w. Let a be t(q). What is the greatest common divisor of 12 and a?
12
Let h(m) = -m**2 - m - 1. Let q be h(-2). Let s = 0 - q. Suppose -s*v = 3*y - y - 97, -2*v - 3*y + 58 = 0. What is the greatest common divisor of v and 5?
5
Let j be 5/10*(1 + 49). Suppose -2*o + 3*o + 5*z = 15, 83 = 3*o - 4*z. What is the greatest common divisor of o and j?
25
Let h(y) = 2*y**2 - 8*y + 4. Let k be h(5). Let a = 100 - 2. Calculate the highest common factor of a and k.
14
Let x be ((-16)/(-12))/((-4)/(-6)). Suppose -x*z + 9 = z. Let g(i) = 2*i**2 - 2*i - 3. Let v be g(z). Calculate the highest common divisor of 99 and v.
9
Let a(o) = -5 - 2 - o - 2. Let h be a(-11). What is the greatest common factor of 16 and h?
2
Suppose -2*g - 2 = -10. Suppose -36 = -3*j - g*c, 2*j + 6*c = c + 17. Calculate the greatest common factor of 112 and j.
16
Let l(c) = 2*c**3 + 3*c**2 - 5*c - 1. Let t be l(4). What is the highest common factor of t and 31?
31
Suppose -3*z + 16 + 26 = 0. Let m be (13/(-3))/(5/15). Let a = m - -27. Calculate the greatest common factor of z and a.
14
Suppose -6*i + 48 = -5*i. Let z = 41 + -15. Let d = i - z. Calculate the greatest common divisor of 55 and d.
11
Suppose 77 = -5*p + 3*z, 5*z = -4*p + p - 19. Let u be (-8)/(-16)*(3 + 1). Let x be p/u*-2*5. What is the greatest common factor of x and 13?
13
Let b be (1 + -2)*(-7)/(-1). Let x = b + 8. Let u be 6/2 + x - 2. What is the greatest common divisor of u and 3?
1
Let a be ((-6)/8)/((-1)/20). Let l = 3 + -1. Suppose l*t = t + 3. Calculate the highest common divisor of a and t.
3
Let b(x) = -x**3 - 4*x**2 - x + 1. Let h be b(-4). Suppose h*a = 3*a + 112. Calculate the greatest common divisor of a and 14.
14
Let a(d) = 2*d**2 + 12*d - 12. Let g be a(-11). What is the greatest common divisor of g and 14?
14
Suppose -2*z - 2*u - 3*u = -110, 4*z + 4*u - 220 = 0. Suppose -39 = -2*k - 0*b - 3*b, -z = -5*k + b. What is the highest common divisor of k and 8?
4
Suppose -16 = -3*o - 4*k + 4, 4*o - 25 = -5*k. Suppose -5*f + o = -130. What is the greatest common factor of f and 39?
13
Let h be -7 - (2 + -4) - -7. What is the greatest common factor of 10 and h?
2
Let x = 22 + -10. Let z = -133 + 189. Suppose -m + z = x. Calculate the greatest common divisor of m and 4.
4
Suppose 7*h = 2*h + 445. Let p = 254 - h. Calculate the highest common divisor of p and 15.
15
Let a = 218 - 196. Suppose -6 + 2 = -f. Suppose f*v = 26 + 18. Calculate the highest common divisor of a and v.
11
Let z be (-1)/2 - 1630/(-20). What is the highest common divisor of z and 27?
27
Let w be (-4)/(-14) + 270/35. Let z = -6 + w. Suppose 24 = 2*f + z*f - 3*g, 4*f = -2*g + 4. What is the highest common divisor of 21 and f?
3
Suppose 2*m + 3 - 21 = 0. Calculate the highest common divisor of m and 81.
9
Suppose 16 = -z + 4*b - 1, -z + 2*b - 11 = 0. Let t = 6 + z. What is the greatest common divisor of t and 7?
1
Let w(d) = -d**2 + 19*d - 87. Let v be w(8). Let n(s) = -5*s - 4. Let f be n(-3). What is the greatest common divisor of f and v?
1
Suppose -3*k + 29 - 2 = 0. Let l = -4 + 8. Suppose 0 = l*w - k*w + 60. What is the greatest common factor of 132 and w?
12
Let q(a) = a - 2. Let j be q(13). Calculate the highest common factor of 88 and j.
11
Let y be 20/(-3)*((-78)/12 + 5). What is the highest common factor of 70 and y?
10
Let i = -7 - -12. Let h(y) = 10*y**2 + 3*y + 1. Let k be h(-2). Calculate the greatest common factor of k and i.
5
Let z be (57/9)/(262/(-66) + 4). Calculate the highest common factor of 11 and z.
11
Let x(b) = -b**2 + 4*b + 3. Let o be x(4). What is the greatest common divisor of 12 and o?
3
Suppose -2*i + 3*r + 6 = -i, -r - 26 = -3*i. Let f(l) = -19*l**3 - l**2. Let m be f(-2). Let t = -76 + m. Calculate the greatest common divisor of i and t.
9
Let n = 225 + -165. Calculate the greatest common factor of n and 100.
20
Suppose 0 = -2*g - 2*c + 68, -5*g - 4*c + 162 = -3*c. Calculate the highest common factor of g and 1.
1
Let v = 101 + -81. Suppose -3*s = -4*h + 3*h - 27, 0 = 3*s - 4*h - 36. Calculate the highest common divisor of s and v.
4
Suppose 4 + 4 = x. What is the greatest common divisor of 20 and x?
4
Let p(r) = -6*r + 2. Let u be p(3). Let j = 6 - 4. Let a be (u - j)*(-2)/3. Calculate the highest common factor of a and 60.
12
Let s be 2/(-3) + 80/12. Let o be (-1)/1*(-45)/(-5). Let u be o*(-5 + 3)/6. What is the greatest common factor of s and u?
3
Let b be 12/15 + (-2)/(-10). Calculate the greatest common factor of b and 1.
1
Suppose h + v - 55 = 0, -4*v = h - 32 - 14. Let c = h + -10. Calculate the greatest common divisor of c and 6.
6
Suppose x + 20 = v, 0*x + 2 = 2*x. Suppose l + 341 = 2*p, 2*p - 2*l + 0*l - 346 = 0. What is the highest common factor of p and v?
21
Let q be -1*(1 + 11)/(-1). Suppose 0 = -o + 2*k + 14, 8*k - 5*k = 2*o - 24. Calculate the highest common divisor of o and q.
6
Let o = -22 - -61. What is the highest common factor of 351 and o?
39
Let j(k) = k**2 - 1. Let x(o) = 4*o**2 - 8*o - 18. Let g(b) = -3*j(b) + x(b). Let z be g(11). What is the greatest common factor of 162 and z?
18
Let u(z) = -z**3 + 8*z**2 - 9*z + 6. Let r be u(6). Let t be 1*(-3 + 4)*r. What is the greatest common factor of t and 60?
12
Let q = -5 + 13. Let t be ((-4)/q)/(1/(-24)). Calculate the highest common factor of 48 and t.
12
Let v be (-4 - 1)/(-1*1). Let r(g) be the third derivative of -7*g**4/24 - 2*g**3/3 + g**2. Let y be r(-7). What is the highest common factor of y and v?